r of n and i.
6
Let p = 4000 + -1728. Suppose -p - 31 = -7*y. What is the highest common divisor of 188 and y?
47
Suppose -4*u + 3 = -5*i, 3*i = -3*u - 1001 + 1037. Calculate the greatest common divisor of 8585 and i.
5
Suppose -c - 5*f = 0, -5*c + 7*f - 12*f = 0. Suppose -5*k + 106 = 3*o, c = -5*o - 3*k + 2*k + 206. What is the greatest common divisor of o and 294?
42
Let o(t) = 69*t - 80. Let g = 222 + -210. Let i be o(g). What is the greatest common divisor of i and 68?
68
Suppose -42*i + 28 = -38*i. Suppose 3*z - 31 = -i. Let g(b) = -b**2 - 18*b + 8. Let q be g(-18). What is the highest common divisor of q and z?
8
Let p be 1/((-55)/(-33))*-5. Let j(l) = 4*l**2 + 6*l - 7. Let d be j(-5). Let h be p/(d/14) - (-59)/3. Calculate the highest common factor of 57 and h.
19
Let t = -96 + 177. Let m = 111 - 252. Let s = 150 + m. Calculate the greatest common divisor of t and s.
9
Suppose -4*p + t = -152 - 414, 3*p = 4*t + 431. What is the highest common divisor of 6909 and p?
141
Let i(v) = -22*v - 38. Let b be i(-3). Suppose b*s = 27*s + 5. What is the greatest common factor of 35 and s?
5
Suppose 160 = -0*i + 8*i. Let f be i/(-8)*(-96)/20. Let q(b) = 3*b**3 - 2*b**2 - b. Let u be q(3). Calculate the greatest common divisor of u and f.
12
Suppose 146*s - 38*s - 73671 = -8331. Calculate the highest common divisor of 110 and s.
55
Let v be (-112)/196 + (1812/(-21))/(-4). Calculate the highest common divisor of v and 5691.
21
Suppose -3*y = -4*b + 10190, -3*b = -46*y + 45*y - 7650. What is the highest common factor of b and 132?
44
Let h = -20254 + 20507. Calculate the greatest common factor of 529 and h.
23
Suppose 40*c - 590 - 690 = 0. Calculate the highest common factor of c and 10256.
16
Let p = -1640 + 1686. What is the highest common factor of 529 and p?
23
Let j = 5575 + -5535. Let t be (-5 - -39) + (-2)/1. Calculate the highest common factor of t and j.
8
Suppose -m - 4*a = -432, 5*m + 2*a - 215 - 2053 = 0. What is the highest common divisor of 1216 and m?
152
Suppose 39*r = 48*r - 459. Calculate the highest common factor of r and 27.
3
Suppose 0 = -64*h + 50*h + 20944. What is the greatest common factor of 88 and h?
88
Suppose -231*j = -208*j - 40411. What is the greatest common divisor of 2510 and j?
251
Let p = 8796 + -1787. What is the greatest common factor of 43 and p?
43
Let l be ((-22)/6)/(26 + 2826/(-108)). Suppose o = 2*o + 3. Let k(w) = -w**3 - w**2 + w - 4. Let m be k(o). What is the greatest common divisor of m and l?
11
Let v be 22596/49*(-924)/(-99). Calculate the greatest common divisor of v and 176.
16
Let d(a) = 2*a**2 + 7*a + 29. Let h be d(-9). Let k = h + -77. Calculate the greatest common divisor of 34 and k.
17
Let x be (-6 + -9 + 12)*-3444. Calculate the greatest common factor of x and 12.
12
Let p(t) = 179*t**2 + 7*t + 18. Let x be p(-2). What is the greatest common divisor of 280 and x?
40
Suppose -485 = -207*q + 208*q. Let u = q + 496. What is the greatest common factor of u and 297?
11
Let h(z) = -4*z**3 + 21*z**2 - 5*z. Let c be h(5). Let v(p) = 2*p. Let x be v(2). Let k be (30 - 3) + (c - x). What is the greatest common divisor of 184 and k?
23
Let k(f) = 8*f**2 + 6*f - 24. Let l be k(3). Let t be ((22/(-6))/(-1))/((-11)/(-264)). What is the greatest common factor of l and t?
22
Let q be 295/75 + 15/225 + -1 + 81. What is the highest common divisor of q and 63?
21
Let o = 110 - 61. Suppose 14*m - 1246 = 7*m. Let a = 185 - m. Calculate the highest common factor of a and o.
7
Suppose 804*g - 809*g - 5 = 0, r - 32 = 4*g. Calculate the highest common factor of 2436 and r.
28
Let h(k) = 6*k + 19 + 17 + 24 - 2*k. Let t be h(-12). Let w = 19 + 113. Calculate the greatest common factor of w and t.
12
Let m = 2187 + -2100. Calculate the greatest common divisor of 9 and m.
3
Let v be 93/279 + 4703/3. Calculate the highest common divisor of v and 192.
32
Suppose n - 1 = -0. Suppose -415 = -38*l - 529. Let i be (l - 7/(-2)*n)*20. Calculate the greatest common factor of 10 and i.
10
Suppose -5*r + 171 = 3*v, -2*v - 62 = -2*r - 0*r. Let c(k) = 753*k + 16044. Let q be c(-21). Calculate the greatest common divisor of q and r.
33
Let t(r) = r**3 - 9*r**2 + 17*r + 12. Let b be t(6). Let y = -72 + 87. What is the greatest common factor of b and y?
3
Let j(q) = -16*q**3 + q**2 + 81*q + 70. Let o be j(-5). What is the highest common divisor of o and 90?
10
Let a = -638 - -644. Suppose -4*o + a = -2*s, 5 = 3*o + 5*s - 6. What is the greatest common divisor of o and 18?
2
Let k(c) = 7*c**3 - 334*c**2 - 97*c + 83. Let q be k(48). What is the highest common divisor of q and 1295?
35
Let a = -8 + 6. Let u(j) = -3*j**3 - j**2 - 2*j - 1. Let g be u(a). Let c be 92/8*(22 - (7 + -1)). What is the highest common divisor of c and g?
23
Let r(k) = -5*k - 25. Let u be r(-4). Let q be (-13 - (-56)/7)*2/u. Calculate the highest common divisor of q and 18.
2
Let u = -183 - -346. Suppose 0 = 7*b - u - 159. Let z = b + -4. What is the greatest common factor of z and 12?
6
Let x(q) = q**2 - 34*q + 15. Let r be x(34). Suppose -o - 4 = -79. What is the highest common divisor of r and o?
15
Let t = -284113 - -284120. Let l(m) = 3*m**2 - 1. Let a be l(2). Calculate the highest common factor of t and a.
1
Suppose 3*q = 5*c + 730, -2*q = -5*c + 8*c - 512. What is the highest common factor of q and 20?
10
Suppose -a = -k + 14, 4*k = -5*a + 6*a + 44. Let z = 22 + -16. What is the highest common factor of k and z?
2
Let s = 7176 - 7155. Let u = -73 + 122. What is the highest common divisor of s and u?
7
Suppose 7*o - 4*i = 10*o - 3744, 2*o - 2496 = 5*i. What is the highest common factor of o and 24?
24
Let y = 364 - 186. Let z = 248 - y. Let u(m) = -m**3 + 11*m**2 + 12*m + 10. Let q be u(12). What is the highest common divisor of q and z?
10
Let f(y) = -y**3 - 21*y**2 - 6*y - 36. Let t(m) = -m**2 + m + 2. Let l(z) = f(z) - 2*t(z). Let d be l(-19). What is the greatest common factor of 504 and d?
56
Suppose 4*z = 2*b - 1792, 8*b - 7*b + 2*z = 868. Calculate the greatest common factor of 2772 and b.
126
Suppose 1530 = -412*y + 427*y. What is the greatest common factor of 204 and y?
102
Suppose 23 = 4*l - 5*b, 4*l - 4*b - 32 = -8. Suppose 4*o - 110 = -70. Suppose o*a - 30 = l*a. What is the greatest common factor of 90 and a?
10
Let k be (-4)/10*(-800)/(-5). Let z = -53 - k. Let q = 77 - 33. What is the greatest common divisor of q and z?
11
Let r(x) = 1228*x - 3264. Let u be r(9). Calculate the highest common factor of u and 3.
3
Let k = -7038 + 7068. Suppose 5*d - 132 = 4*m, m + 0 + 3 = 0. What is the greatest common factor of d and k?
6
Suppose -5*q + 5*g = -4*q - 43, 4*q - 5*g - 217 = 0. Calculate the greatest common factor of q and 203.
29
Let f = -1852 - -1978. Calculate the highest common factor of f and 4662.
126
Let z be (15 + 0)/((7 - 6)/3). What is the greatest common factor of z and 63?
9
Let l(a) = 3 - 3*a + 2 - 4 + 30*a**2 + 1. Let k be l(2). Let s be (-412)/(-14) - (8 + 318/(-42)). What is the highest common divisor of s and k?
29
Let m be (-711)/(-12) + (15/4)/5. Suppose m = 5*l + 2*h, -5*l + 29 = -5*h - 66. Calculate the greatest common factor of l and 378.
14
Suppose 5*r = -5*d + 9*r + 13, -3*d - r + 18 = 0. Suppose 3*u = 2*v + 13, 3*v - 6*u + 20 = -u. Let i = v + 20. What is the greatest common factor of i and d?
5
Let b(p) = 4*p**2 - 13*p - 42. Let v = 326 + -329. Let z be b(v). What is the highest common divisor of 99 and z?
33
Let j(y) = -y + 19. Let i be j(13). Let c(p) = p - 4. Let z be c(8). Let b be z + 310/12 - 1/(-6). Calculate the greatest common divisor of i and b.
6
Let o = 43 + -35. Suppose -1533 = o*w - 5*w. Let c = -294 - w. What is the greatest common divisor of c and 31?
31
Let g = 283 + -157. Suppose 0 = 2*c - 4*c - g. Let s = 81 + c. What is the greatest common divisor of s and 18?
18
Suppose -82 = -5*r - 3*b + 36, 2*r + 4*b = 36. Suppose 70*a = 4*a + 36*a. Suppose -20*s + 587 + 1233 = a. What is the greatest common factor of r and s?
13
Let b be -1 - 35*(0 + -1). Suppose -4*a - 5*h = -66, 3*h - 30 = -124*a + 122*a. Let t be (a/2)/(-1)*(-17)/b. What is the highest common divisor of t and 6?
6
Suppose -429 - 117 = -3*v. Suppose x = -5*r - 2*x + 871, r = 2*x + v. Calculate the highest common factor of 16 and r.
16
Suppose 